ber?
False
Is 447877 composite?
False
Is 3083 prime?
True
Is 5131 prime?
False
Is 40673 a composite number?
True
Is 717989 a prime number?
True
Is 265193 a prime number?
True
Is 31522 a prime number?
False
Is 14395 a prime number?
False
Is 10403 prime?
False
Is 8038 prime?
False
Is 1117 composite?
False
Is 103945 a prime number?
False
Is 51109 prime?
True
Is 16418 prime?
False
Is 5777 prime?
False
Is 14813 a composite number?
False
Is 1204787 a prime number?
True
Is 3117 a composite number?
True
Is 274863 composite?
True
Is 574239 prime?
False
Is 48911 prime?
False
Is 992357 prime?
True
Is 4861 prime?
True
Is 5483 a composite number?
False
Is 71871 a prime number?
False
Is 38261 composite?
False
Is 21418 prime?
False
Is 1322203 a composite number?
False
Is 116951 a prime number?
False
Is 51859 composite?
False
Is 421121 prime?
True
Is 23549 prime?
True
Is 92551 prime?
True
Is 636809 composite?
False
Is 1104949 composite?
True
Is 131701 a prime number?
True
Is 3409787 composite?
True
Is 59329 a prime number?
False
Is 38917 a composite number?
False
Is 469337 prime?
False
Is 11002 composite?
True
Is 54157 a composite number?
True
Is 40423 composite?
False
Is 4679 composite?
False
Is 14281 prime?
True
Is 296509 a prime number?
True
Is 41269 a prime number?
True
Is 220501 composite?
True
Is 88285 composite?
True
Is 7637 prime?
False
Is 3163 a composite number?
False
Is 220717 a composite number?
True
Is 58511 composite?
False
Is 126393 composite?
True
Is 10499 a prime number?
True
Is 1931 a prime number?
True
Is 34139 a composite number?
True
Is 63197 a prime number?
True
Is 8147 a prime number?
True
Is 15517 prime?
False
Is 41339 a composite number?
True
Is 44521 a prime number?
False
Is 37939 a prime number?
False
Is 32141 a prime number?
True
Is 887947 prime?
True
Is 15659 a prime number?
False
Is 223111 a prime number?
False
Is 648361 prime?
False
Is 36097 a prime number?
True
Is 139985 composite?
True
Is 383791 a composite number?
False
Is 82981 a composite number?
False
Is 4489 composite?
True
Is 177871 composite?
True
Is 95783 prime?
True
Is 17245 a prime number?
False
Is 43822 prime?
False
Is 400031 a prime number?
True
Is 30757 prime?
True
Is 13063 a prime number?
True
Is 199 prime?
True
Is 1477 prime?
False
Is 21661 a composite number?
False
Is 5106901 a prime number?
True
Is 2347663 prime?
True
Is 464705 composite?
True
Is 21001 composite?
False
Is 108581 composite?
True
Is 19777 composite?
False
Is 30757 a prime number?
True
Is 838 prime?
False
Is 2669 prime?
False
Is 1633261 a prime number?
False
Is 86585 a prime number?
False
Is 28499 a prime number?
True
Is 11153 composite?
True
Is 34147 prime?
True
Is 5809 a prime number?
False
Is 2203 a composite number?
False
Is 197947 a prime number?
True
Is 19921 a prime number?
False
Is 456623 a prime number?
True
Is 12451 a prime number?
True
Is 202261 a composite number?
True
Is 13479 composite?
True
Is 1693 a composite number?
False
Is 31838 a composite number?
True
Is 44413 composite?
True
Is 2293 prime?
True
Is 681 a prime number?
False
Is 28937 a composite number?
True
Is 54751 composite?
False
Is 10397 a composite number?
True
Is 75967 a composite number?
False
Is 5557 prime?
True
Is 61441 a prime number?
True
Is 2053 a prime number?
True
Is 226547 composite?
False
Is 6343 a prime number?
True
Is 117163 prime?
True
Is 59989 a prime number?
False
Is 71707 a prime number?
True
Is 1751 a composite number?
True
Is 460697 a prime number?
True
Is 14923 composite?
False
Is 134165 a prime number?
False
Is 20297 a composite number?
False
Is 1726193 a composite number?
True
Is 58593 a prime number?
False
Is 4708057 composite?
True
Is 72139 a prime number?
True
Is 186529 prime?
False
Is 2552503 a composite number?
False
Is 68707 a prime number?
False
Is 123317 a prime number?
False
Is 743 a composite number?
False
Is 26339 a composite number?
False
Is 2012909 a composite number?
False
Is 16817 composite?
True
Is 1082 composite?
True
Is 4197 composite?
True
Is 192347 prime?
True
Is 15443 prime?
True
Is 1823 a prime number?
True
Is 5953 composite?
False
Is 53083 a prime number?
False
Is 1932278 a composite number?
True
Is 198087 a prime number?
False
Is 131 composite?
False
Is 1219289 prime?
False
Is 30409 prime?
False
Is 101411 composite?
False
Is 10511 composite?
True
Is 515 composite?
True
Is 99447 a composite number?
True
Is 247931 prime?
False
Is 66919 a prime number?
True
Is 23969 prime?
False
Is 571 a composite number?
False
Is 124459 prime?
True
Is 487589 a composite number?
False
Is 25331 a composite number?
True
Is 342093 a composite number?
True
Is 106271 a prime number?
False
Is 2861 prime?
True
Is 15843 a prime number?
False
Is 4399 a prime number?
False
Is 94345 composite?
True
Is 211193 a composite number?
False
Is 182977 a composite number?
True
Is 1693 a prime number?
True
Is 93673 a composite number?
True
Is 74653 composite?
False
Is 52583 a prime number?
True
Is 142489 composite?
True
Is 589867 a composite number?
True
Is 54953 prime?
False
Is 375745 composite?
True
Is 13121 prime?
True
Is 321961 a prime number?
True
Is 101449 composite?
False
Is 9923 prime?
True
Is 361621 a prime number?
False
Is 22051 composite?
False
Is 124687 prime?
False
Is 3974 a prime number?
False
Is 2333 a prime number?
True
Is 34679 a prime number?
True
Is 877 composite?
False
Is 74071 composite?
False
Is 16237 a prime number?
False
Is 220747 composite?
False
Is 72901 a composite number?
False
Is 7135 a prime number?
False
Is 8422 composite?
True
Is 102137 a composite number?
True
Is 170449 a composite number?
True
Is 88769 a prime number?
False
Is 3567833 prime?
True
Is 511519 composite?
False
Is 463289 a prime number?
False
Is 374287 a prime number?
True
Is 5099 prime?
True
Is 90931 a prime number?
True
Is 141023 a prime number?
True
Is 133053 a prime number?
False
Is 5567 prime?
False
Is 39019 a composite number?
False
Is 183153 a prime number?
False
Is 52853 composite?
True
Is 238151 prime?
True
Is 218797 prime?
True
Is 28559 a prime number?
True
Is 503009 a composite number?
True
Is 35491 a composite number?
False
Is 29663 a composite number?
False
Is 134909 a prime number?
True
Is 18227 a prime number?
False
Is 3189 a composite number?
True
Is 13367 prime?
True
Is 91423 prime?
True
Is 3907 a composite number?
False
Is 18301 composite?
False
Is 904745 composite?
True
Is 467 prime?
True
Is 232303 a composite number?
False
Is 1437406 prime?
False
Is 1820623 composite?
True
Is 29471 a composite number?
True
Is 5609 prime?
False
Is 17611 prime?
False
Is 45557 a composite number?
False
Is 97453 a composite number?
False
Is 107743 a composite number?
True
Is 18341 a prime number?
True
Is 9229 a prime number?
False
Is 1543 a prime number?
True
Is 13309 a composite number?
False
Is 8791 prime?
False
Is 749365 a prime number?
False
Is 389819 a composite number?
False
Is 304553 a prime number?
True
Is 13939 a prime number?
False
Is 3691 prime?
True
Is 8929 prime?
True
Is 34777 a prime number?
False
Is 12641 composite?
False
Is 6121 a prime number?
True
Is 126601 a composite number?
False
Is 119069 a prime number?
True
Is 5739 prime?
False
Is 1179467 composite?
False
Is 97103 prime?
True
Is 2081 a composite number?
False
Is 57467 composite?
False
Is 998311 a composite number?
False
Is 18949 a prime number?
False
Is 226223 a composite number?
True
Is 93667 a prime number?
False
Is 1439233 composite?
False
Is 59951 composite?
False
Is 266219 a composite number?
True
Is 14809 a composite number?
True
Is 6247 composite?
False
Is 4889 composite?
False
Is 317 composite?
False
Is 4099957 composite?
True
Is 48053 a prime number?
False
Is 29239 composite?
True
Is 39379 a composite number?
True
Is 1644283 prime?
True
Is 16309 prime?
False
Is 4819 composite?
True
Is 189421 prime?
True
Is 5639 prime?
True
Is 1193455 a prime number?
False
Is 20611 a composite number?
False
Is 63743 a prime number?
True
Is 428866 a composite number?
True
Is 677 composite?
False
Is 4597 prime?
True
Is 3353 composite?
True
Is 2217671 a composite number?
False
Is 206477 a composite number?
False
Is 101767 prime?
False
Is 629 a composite number?
True
Is 1586939 a prime number?
True
Is 9917 prime?
False
Is 9533 prime?
True
Is 17707 a compos